{"id":7265,"date":"2025-12-27T09:30:57","date_gmt":"2025-12-27T08:30:57","guid":{"rendered":"https:\/\/kineaphp.fr\/?page_id=7265"},"modified":"2026-01-01T18:33:06","modified_gmt":"2026-01-01T17:33:06","slug":"tronc-et-cou","status":"publish","type":"page","link":"https:\/\/kineaphp.fr\/?page_id=7265","title":{"rendered":"Tronc et cou"},"content":{"rendered":"\n<h2 class=\"wp-block-heading\">R\u00e9gion cervicale<\/h2>\n\n\n\n<h3 class=\"wp-block-heading\">G\u00e9n\u00e9ralit\u00e9s sur la r\u00e9gion cervicale<\/h3>\n\n\n<ul class=\"display-posts-listing\"><li class=\"listing-item\"><a class=\"title\" href=\"https:\/\/kineaphp.fr\/?p=4706\">Cervicalgie &#8211; Introduction<\/a><\/li><\/ul>\n\n\n\n<h3 class=\"wp-block-heading\">Examens cliniques de la r\u00e9gion cervicale<\/h3>\n\n\n<ul class=\"display-posts-listing\"><li class=\"listing-item\"><a class=\"title\" href=\"https:\/\/kineaphp.fr\/?p=7975\">Etoile de Maigne (mobilit\u00e9 du rachis)<\/a><\/li><li class=\"listing-item\"><a class=\"title\" href=\"https:\/\/kineaphp.fr\/?p=7855\">Cluster de Cook (my\u00e9lopathie cervicale)<\/a><\/li><li class=\"listing-item\"><a class=\"title\" href=\"https:\/\/kineaphp.fr\/?p=7650\">Test de Spurling (radiculopathie cervicale)<\/a><\/li><li class=\"listing-item\"><a class=\"title\" href=\"https:\/\/kineaphp.fr\/?p=7638\">Cluster Wainner (radiculopathie cervicale)<\/a><\/li><li class=\"listing-item\"><a class=\"title\" href=\"https:\/\/kineaphp.fr\/?p=7636\">Craniocervical Flexion Test (Test des fl\u00e9chisseurs profonds)<\/a><\/li><li class=\"listing-item\"><a class=\"title\" href=\"https:\/\/kineaphp.fr\/?p=7633\">Sharp Purser Test (ligament transverse)<\/a><\/li><li class=\"listing-item\"><a class=\"title\" href=\"https:\/\/kineaphp.fr\/?p=7629\">Test du ligament alaire<\/a><\/li><li class=\"listing-item\"><a class=\"title\" href=\"https:\/\/kineaphp.fr\/?p=4698\">Canadian C Spine Rules (fracture)<\/a><\/li><\/ul>\n\n\n\n<h3 class=\"wp-block-heading\">Pathologie de la r\u00e9gion cervicale<\/h3>\n\n\n<ul class=\"display-posts-listing\"><li class=\"listing-item\"><a class=\"title\" href=\"https:\/\/kineaphp.fr\/?p=7853\">Drapeaux rouges cervicales<\/a><\/li><li class=\"listing-item\"><a class=\"title\" href=\"https:\/\/kineaphp.fr\/?p=4655\">Cervicalgie &#8211; Recommandation (2017)<\/a><\/li><li class=\"listing-item\"><a class=\"title\" href=\"https:\/\/kineaphp.fr\/?p=4708\">Cervicalgie avec indice de suspicion \u00e9lev\u00e9e<\/a><\/li><li class=\"listing-item\"><a class=\"title\" href=\"https:\/\/kineaphp.fr\/?p=4712\">Cervicalgies avec exc\u00e8s de contrainte<\/a><\/li><li class=\"listing-item\"><a class=\"title\" href=\"https:\/\/kineaphp.fr\/?p=4714\">Torticolis<\/a><\/li><li class=\"listing-item\"><a class=\"title\" href=\"https:\/\/kineaphp.fr\/?p=4716\">Cervicalgies avec d\u00e9ficit de contr\u00f4le moteur<\/a><\/li><li class=\"listing-item\"><a class=\"title\" href=\"https:\/\/kineaphp.fr\/?p=4718\">Cervicalgies avec douleurs irradiantes<\/a><\/li><li class=\"listing-item\"><a class=\"title\" href=\"https:\/\/kineaphp.fr\/?p=2627\">Syndrome de la travers\u00e9e thoraco-brachiale (STTB)<\/a><\/li><\/ul>\n\n\n\n<h3 class=\"wp-block-heading\">Traitement de la r\u00e9gion cervicale<\/h3>\n\n\n\n<div class=\"wp-block-columns is-layout-flex wp-container-core-columns-is-layout-9d6595d7 wp-block-columns-is-layout-flex\">\n<div class=\"wp-block-column is-layout-flow wp-block-column-is-layout-flow\">\n<h4 class=\"wp-block-heading\">Traitement actif cervical<\/h4>\n\n\n\n<\/div>\n\n\n\n<div class=\"wp-block-column is-layout-flow wp-block-column-is-layout-flow\">\n<h4 class=\"wp-block-heading\">Traitement passif cervical<\/h4>\n\n\n\n<\/div>\n<\/div>\n\n\n\n<hr class=\"wp-block-separator has-alpha-channel-opacity\"\/>\n\n\n\n<h2 class=\"wp-block-heading\">R\u00e9gion thoracique<\/h2>\n\n\n\n<h3 class=\"wp-block-heading\">G\u00e9n\u00e9ralit\u00e9s sur la r\u00e9gion thoracique<\/h3>\n\n\n\n\n\n\n<h3 class=\"wp-block-heading\">Examens cliniques de la r\u00e9gion thoracique<\/h3>\n\n\n<ul class=\"display-posts-listing\"><li class=\"listing-item\"><a class=\"title\" href=\"https:\/\/kineaphp.fr\/?p=7975\">Etoile de Maigne (mobilit\u00e9 du rachis)<\/a><\/li><\/ul>\n\n\n\n<h3 class=\"wp-block-heading\">Pathologie de la r\u00e9gion thoracique<\/h3>\n\n\n<ul class=\"display-posts-listing\"><li class=\"listing-item\"><a class=\"title\" href=\"https:\/\/kineaphp.fr\/?p=7867\">Drapeaux rouges thoracique<\/a><\/li><li class=\"listing-item\"><a class=\"title\" href=\"https:\/\/kineaphp.fr\/?p=2627\">Syndrome de la travers\u00e9e thoraco-brachiale (STTB)<\/a><\/li><li class=\"listing-item\"><a class=\"title\" href=\"https:\/\/kineaphp.fr\/?p=1269\">Syndrome scapulo-costal<\/a><\/li><\/ul>\n\n\n\n<h3 class=\"wp-block-heading\">Traitement de la r\u00e9gion thoracique<\/h3>\n\n\n\n<div class=\"wp-block-columns is-layout-flex wp-container-core-columns-is-layout-9d6595d7 wp-block-columns-is-layout-flex\">\n<div class=\"wp-block-column is-layout-flow wp-block-column-is-layout-flow\">\n<h4 class=\"wp-block-heading\">Traitement actif thoracique<\/h4>\n\n\n\n<\/div>\n\n\n\n<div class=\"wp-block-column is-layout-flow wp-block-column-is-layout-flow\">\n<h4 class=\"wp-block-heading\">Traitement passif thoracique<\/h4>\n\n\n\n<\/div>\n<\/div>\n\n\n\n<hr class=\"wp-block-separator has-alpha-channel-opacity\"\/>\n\n\n\n<h2 class=\"wp-block-heading\">R\u00e9gion lombaire<\/h2>\n\n\n\n<h3 class=\"wp-block-heading\">G\u00e9n\u00e9ralit\u00e9s sur la r\u00e9gion lombaire<\/h3>\n\n\n\n\n\n\n<h3 class=\"wp-block-heading\">Examens cliniques de la r\u00e9gion lombaire<\/h3>\n\n\n<ul class=\"display-posts-listing\"><li class=\"listing-item\"><a class=\"title\" href=\"https:\/\/kineaphp.fr\/?p=7990\">Test de Schober<\/a><\/li><li class=\"listing-item\"><a class=\"title\" href=\"https:\/\/kineaphp.fr\/?p=7975\">Etoile de Maigne (mobilit\u00e9 du rachis)<\/a><\/li><li class=\"listing-item\"><a class=\"title\" href=\"https:\/\/kineaphp.fr\/?p=7895\">Start Back Tool (Risque de chronicit\u00e9 en lombalgie)<\/a><\/li><li class=\"listing-item\"><a class=\"title\" href=\"https:\/\/kineaphp.fr\/?p=7874\">Cluster de Roman (fracture de compression ost\u00e9oporotique)<\/a><\/li><li class=\"listing-item\"><a class=\"title\" href=\"https:\/\/kineaphp.fr\/?p=7872\">Cluster de Henschke (fracture)<\/a><\/li><\/ul>\n\n\n\n<h3 class=\"wp-block-heading\">Pathologie de la r\u00e9gion lombaire<\/h3>\n\n\n<ul class=\"display-posts-listing\"><li class=\"listing-item\"><a class=\"title\" href=\"https:\/\/kineaphp.fr\/?p=7884\">Syndr\u00f4me de la queue de cheval<\/a><\/li><li class=\"listing-item\"><a class=\"title\" href=\"https:\/\/kineaphp.fr\/?p=7870\">Drapeaux rouges lombaires<\/a><\/li><li class=\"listing-item\"><a class=\"title\" href=\"https:\/\/kineaphp.fr\/?p=4805\">Les lombalgies<\/a><\/li><\/ul>\n\n\n\n<h3 class=\"wp-block-heading\">Traitement de la r\u00e9gion lombaire<\/h3>\n\n\n\n<div class=\"wp-block-columns is-layout-flex wp-container-core-columns-is-layout-9d6595d7 wp-block-columns-is-layout-flex\">\n<div class=\"wp-block-column is-layout-flow wp-block-column-is-layout-flow\">\n<h4 class=\"wp-block-heading\">Traitement actif lombaire<\/h4>\n\n\n\n<\/div>\n\n\n\n<div class=\"wp-block-column is-layout-flow wp-block-column-is-layout-flow\">\n<h4 class=\"wp-block-heading\">Traitement passif lombaire<\/h4>\n\n\n<ul class=\"display-posts-listing\"><li class=\"listing-item\"><a class=\"title\" href=\"https:\/\/kineaphp.fr\/?p=7811\">Lumbaroll (Mobilisation sp\u00e9cifique des vert\u00e8bres lombaires)<\/a><\/li><\/ul>\n<\/div>\n<\/div>\n\n\n\n<hr class=\"wp-block-separator has-alpha-channel-opacity\"\/>\n\n\n\n<h2 class=\"wp-block-heading\">R\u00e9gion sacro-iliaque<\/h2>\n\n\n\n<h3 class=\"wp-block-heading\">G\u00e9n\u00e9ralit\u00e9s sur la r\u00e9gion sacro-iliaque<\/h3>\n\n\n\n\n\n\n<h3 class=\"wp-block-heading\">Examens cliniques de la r\u00e9gion sacro-iliaque<\/h3>\n\n\n<ul class=\"display-posts-listing\"><li class=\"listing-item\"><a class=\"title\" href=\"https:\/\/kineaphp.fr\/?p=1196\">Cluster de Laslett<\/a><\/li><\/ul>\n\n\n\n<h3 class=\"wp-block-heading\">Pathologie de la r\u00e9gion sacro-iliaque<\/h3>\n\n\n\n\n\n\n<h3 class=\"wp-block-heading\">Traitement de la r\u00e9gion sacro-iliaque<\/h3>\n\n\n\n<div class=\"wp-block-columns is-layout-flex wp-container-core-columns-is-layout-9d6595d7 wp-block-columns-is-layout-flex\">\n<div class=\"wp-block-column is-layout-flow wp-block-column-is-layout-flow\">\n<h4 class=\"wp-block-heading\">Traitement actif sacro-iliaque<\/h4>\n\n\n\n<\/div>\n\n\n\n<div class=\"wp-block-column is-layout-flow wp-block-column-is-layout-flow\">\n<h4 class=\"wp-block-heading\">Traitement passif sacro-iliaque<\/h4>\n\n\n\n<\/div>\n<\/div>\n","protected":false},"excerpt":{"rendered":"<p>R\u00e9gion cervicale G\u00e9n\u00e9ralit\u00e9s sur la r\u00e9gion cervicale Examens cliniques de la r\u00e9gion cervicale Pathologie de la r\u00e9gion cervicale Traitement de la r\u00e9gion cervicale Traitement actif cervical Traitement passif cervical R\u00e9gion thoracique G\u00e9n\u00e9ralit\u00e9s sur la r\u00e9gion&hellip;<\/p>\n<p class=\"more-link-wrapper\"><a href=\"https:\/\/kineaphp.fr\/?p=1196\" class=\"more-link\">Continue Reading<span class=\"screen-reader-text\"> \u00ab\u00a0Cluster de Laslett\u00a0\u00bb<\/span><\/a><\/p>\n","protected":false},"author":1,"featured_media":0,"parent":7259,"menu_order":0,"comment_status":"closed","ping_status":"closed","template":"","meta":{"footnotes":""},"class_list":["post-7265","page","type-page","status-publish","hentry"],"_links":{"self":[{"href":"https:\/\/kineaphp.fr\/index.php?rest_route=\/wp\/v2\/pages\/7265","targetHints":{"allow":["GET"]}}],"collection":[{"href":"https:\/\/kineaphp.fr\/index.php?rest_route=\/wp\/v2\/pages"}],"about":[{"href":"https:\/\/kineaphp.fr\/index.php?rest_route=\/wp\/v2\/types\/page"}],"author":[{"embeddable":true,"href":"https:\/\/kineaphp.fr\/index.php?rest_route=\/wp\/v2\/users\/1"}],"replies":[{"embeddable":true,"href":"https:\/\/kineaphp.fr\/index.php?rest_route=%2Fwp%2Fv2%2Fcomments&post=7265"}],"version-history":[{"count":12,"href":"https:\/\/kineaphp.fr\/index.php?rest_route=\/wp\/v2\/pages\/7265\/revisions"}],"predecessor-version":[{"id":7549,"href":"https:\/\/kineaphp.fr\/index.php?rest_route=\/wp\/v2\/pages\/7265\/revisions\/7549"}],"up":[{"embeddable":true,"href":"https:\/\/kineaphp.fr\/index.php?rest_route=\/wp\/v2\/pages\/7259"}],"wp:attachment":[{"href":"https:\/\/kineaphp.fr\/index.php?rest_route=%2Fwp%2Fv2%2Fmedia&parent=7265"}],"curies":[{"name":"wp","href":"https:\/\/api.w.org\/{rel}","templated":true}]}}