{"id":1929,"date":"2025-01-25T18:00:32","date_gmt":"2025-01-25T17:00:32","guid":{"rendered":"https:\/\/kineaphp.fr\/?page_id=1929"},"modified":"2025-10-20T22:19:55","modified_gmt":"2025-10-20T20:19:55","slug":"champs-kine-specifiques","status":"publish","type":"page","link":"https:\/\/kineaphp.fr\/?page_id=1929","title":{"rendered":"Champs kin\u00e9 &#8211; Sp\u00e9cifiques"},"content":{"rendered":"\n<h2 class=\"wp-block-heading\">Champ \u00ab\u00a0T\u00eate\u00a0\u00bb<\/h2>\n\n\n\n<figure class=\"wp-block-table\"><table class=\"has-fixed-layout\"><tbody><tr><td><ul class=\"display-posts-listing\"><li class=\"listing-item\"><a class=\"title\" href=\"https:\/\/kineaphp.fr\/?p=7101\">R\u00e9\u00e9ducation vestibulaire : distinguer les diff\u00e9rentes pathologies<\/a><\/li><li class=\"listing-item\"><a class=\"title\" href=\"https:\/\/kineaphp.fr\/?p=6983\">Trouble de l&rsquo;oralit\u00e9 &#8211; SAOS<\/a><\/li><li class=\"listing-item\"><a class=\"title\" href=\"https:\/\/kineaphp.fr\/?p=6919\">R\u00e9\u00e9ducation de la d\u00e9glutition<\/a><\/li><li class=\"listing-item\"><a class=\"title\" href=\"https:\/\/kineaphp.fr\/?p=6735\">Trouble de la d\u00e9glutition<\/a><\/li><li class=\"listing-item\"><a class=\"title\" href=\"https:\/\/kineaphp.fr\/?p=6277\">R\u00e9\u00e9ducation vestibulaire<\/a><\/li><li class=\"listing-item\"><a class=\"title\" href=\"https:\/\/kineaphp.fr\/?p=6079\">Articulation temporo-mandibulaire<\/a><\/li><li class=\"listing-item\"><a class=\"title\" href=\"https:\/\/kineaphp.fr\/?p=6033\">Paralysie faciale<\/a><\/li><\/ul><\/td><\/tr><\/tbody><\/table><\/figure>\n\n\n\n<h2 class=\"wp-block-heading\">Champ m\u00e9tabolique<\/h2>\n\n\n\n<figure class=\"wp-block-table\"><table class=\"has-fixed-layout\"><tbody><tr><td><ul class=\"display-posts-listing\"><li class=\"listing-item\"><a class=\"title\" href=\"https:\/\/kineaphp.fr\/?p=6241\">L&rsquo;ob\u00e9sit\u00e9 et maladie m\u00e9tabolique<\/a><\/li><li class=\"listing-item\"><a class=\"title\" href=\"https:\/\/kineaphp.fr\/?p=5395\">Physiologie de l&rsquo;effort<\/a><\/li><li class=\"listing-item\"><a class=\"title\" href=\"https:\/\/kineaphp.fr\/?p=4480\">L&rsquo;ob\u00e9sit\u00e9 et alimentation<\/a><\/li><li class=\"listing-item\"><a class=\"title\" href=\"https:\/\/kineaphp.fr\/?p=4431\">Les diab\u00e8tes<\/a><\/li><\/ul><\/td><\/tr><\/tbody><\/table><\/figure>\n\n\n\n<h2 class=\"wp-block-heading\">Champ t\u00e9gumentaire<\/h2>\n\n\n\n<figure class=\"wp-block-table\"><table class=\"has-fixed-layout\"><tbody><tr><td><ul class=\"display-posts-listing\"><li class=\"listing-item\"><a class=\"title\" href=\"https:\/\/kineaphp.fr\/?p=5970\">Escarres<\/a><\/li><li class=\"listing-item\"><a class=\"title\" href=\"https:\/\/kineaphp.fr\/?p=4549\">Les patients br\u00fbl\u00e9s<\/a><\/li><li class=\"listing-item\"><a class=\"title\" href=\"https:\/\/kineaphp.fr\/?p=4525\">Physiopathologie des l\u00e9sions cutan\u00e9es<\/a><\/li><\/ul><\/td><\/tr><\/tbody><\/table><\/figure>\n\n\n\n<h2 class=\"wp-block-heading\">Champ pelvi-p\u00e9rin\u00e9al<\/h2>\n\n\n\n<figure class=\"wp-block-table\"><table class=\"has-fixed-layout\"><tbody><tr><td><ul class=\"display-posts-listing\"><li class=\"listing-item\"><a class=\"title\" href=\"https:\/\/kineaphp.fr\/?p=5880\">R\u00e9\u00e9ducation p\u00e9rin\u00e9ale<\/a><\/li><\/ul><\/td><\/tr><\/tbody><\/table><\/figure>\n\n\n\n<h2 class=\"wp-block-heading\">Champ patients amput\u00e9s<\/h2>\n\n\n\n<figure class=\"wp-block-table\"><table class=\"has-fixed-layout\"><tbody><tr><td><ul class=\"display-posts-listing\"><li class=\"listing-item\"><a class=\"title\" href=\"https:\/\/kineaphp.fr\/?p=4826\">Amputation<\/a><\/li><li class=\"listing-item\"><a class=\"title\" href=\"https:\/\/kineaphp.fr\/?p=4209\">Prise en charge de patients amput\u00e9s<\/a><\/li><\/ul><\/td><\/tr><\/tbody><\/table><\/figure>\n\n\n\n<h2 class=\"wp-block-heading\">Champ oncologie<\/h2>\n\n\n\n<figure class=\"wp-block-table\"><table class=\"has-fixed-layout\"><tbody><tr><td><\/td><\/tr><\/tbody><\/table><\/figure>\n\n\n\n<p><\/p>\n","protected":false},"excerpt":{"rendered":"<p>Champ \u00ab\u00a0T\u00eate\u00a0\u00bb Champ m\u00e9tabolique Champ t\u00e9gumentaire Champ pelvi-p\u00e9rin\u00e9al Champ patients amput\u00e9s Champ oncologie<\/p>\n","protected":false},"author":1,"featured_media":0,"parent":0,"menu_order":0,"comment_status":"closed","ping_status":"closed","template":"","meta":{"footnotes":""},"class_list":["post-1929","page","type-page","status-publish","hentry"],"_links":{"self":[{"href":"https:\/\/kineaphp.fr\/index.php?rest_route=\/wp\/v2\/pages\/1929","targetHints":{"allow":["GET"]}}],"collection":[{"href":"https:\/\/kineaphp.fr\/index.php?rest_route=\/wp\/v2\/pages"}],"about":[{"href":"https:\/\/kineaphp.fr\/index.php?rest_route=\/wp\/v2\/types\/page"}],"author":[{"embeddable":true,"href":"https:\/\/kineaphp.fr\/index.php?rest_route=\/wp\/v2\/users\/1"}],"replies":[{"embeddable":true,"href":"https:\/\/kineaphp.fr\/index.php?rest_route=%2Fwp%2Fv2%2Fcomments&post=1929"}],"version-history":[{"count":13,"href":"https:\/\/kineaphp.fr\/index.php?rest_route=\/wp\/v2\/pages\/1929\/revisions"}],"predecessor-version":[{"id":6601,"href":"https:\/\/kineaphp.fr\/index.php?rest_route=\/wp\/v2\/pages\/1929\/revisions\/6601"}],"wp:attachment":[{"href":"https:\/\/kineaphp.fr\/index.php?rest_route=%2Fwp%2Fv2%2Fmedia&parent=1929"}],"curies":[{"name":"wp","href":"https:\/\/api.w.org\/{rel}","templated":true}]}}